{"id":240,"date":"2020-05-21T21:02:01","date_gmt":"2020-05-21T21:02:01","guid":{"rendered":"https:\/\/ludwig.in-chemnitz.de\/chrono\/?page_id=240"},"modified":"2020-05-22T19:10:09","modified_gmt":"2020-05-22T19:10:09","slug":"inhalt","status":"publish","type":"page","link":"https:\/\/ludwig.in-chemnitz.de\/chrono\/inhalt\/","title":{"rendered":"Inhalt"},"content":{"rendered":"\n<p>Meine Arbeit gliedert sich in 4 wesentliche Abschnitte:<\/p>\n\n\n\n<h2 class=\"wp-block-heading\">Wissenschaftlicher Hintergrund<\/h2>\n\n\n\n<p>Hier sind einige der grundlegenden Erkenntnisse der Chronobiologie aufgef\u00fchrt. Angefangen von den ersten chonobiologischen Untersuchungen bis hin zum Nobelpreis f\u00fcr Physiologie und Medizin 2017 werden hier die wichtigsten Vorkenntnisse f\u00fcr mein Projekt zusammengefasst. Dabei wird auch deutlich, welche Bedeutung meine Ergebnisse haben und warum es wichtig ist zu handeln.<\/p>\n\n\n\n<div class=\"wp-block-buttons is-layout-flex wp-block-buttons-is-layout-flex\">\n<div class=\"wp-block-button\"><a class=\"wp-block-button__link has-text-color has-background has-vivid-green-cyan-background-color\" href=\"https:\/\/ludwig.in-chemnitz.de\/chrono\/hintergrund\/\" style=\"color:#ffffff\">Zum Wissenschaftlichen Hintergrund<\/a><\/div>\n<\/div>\n\n\n\n<h2 class=\"wp-block-heading\">Ziele<\/h2>\n\n\n\n<p>Bevor man eine Umfrage durchf\u00fchrt, sollte man sich bewusst sein welche Ziele man verfolgt. Diese habe ich formuliert und in Form von drei Hypothesen zusammengefasst.<\/p>\n\n\n\n<div class=\"wp-block-buttons is-layout-flex wp-block-buttons-is-layout-flex\">\n<div class=\"wp-block-button\"><a class=\"wp-block-button__link has-text-color has-background has-vivid-green-cyan-background-color\" href=\"https:\/\/ludwig.in-chemnitz.de\/chrono\/ziele\/\" style=\"color:#ffffff\">Zu den Zielen<\/a><\/div>\n<\/div>\n\n\n\n<h2 class=\"wp-block-heading\">Durchf\u00fchrung<\/h2>\n\n\n\n<p>Die Durchf\u00fchrung eine Umfrage an einer ganzen Schule ist komplex. Mit Hilfe eines Online-Umfragetools des s\u00e4chsischen Bildungsservers wurde der Aufwand verringert und gleichzeitig die M\u00f6glichkeit geschaffen diese Umfrage in Zukunft auch an anderen Einrichtungen durchzuf\u00fchren.<\/p>\n\n\n\n<div class=\"wp-block-buttons is-layout-flex wp-block-buttons-is-layout-flex\">\n<div class=\"wp-block-button\"><a class=\"wp-block-button__link has-text-color has-background has-vivid-green-cyan-background-color\" href=\"https:\/\/ludwig.in-chemnitz.de\/chrono\/durchfuhrung\/\" style=\"color:#ffffff\">Zur Durchf\u00fchrung<\/a><\/div>\n<\/div>\n\n\n\n<h2 class=\"wp-block-heading\">Auswertung<\/h2>\n\n\n\n<p>Eine Umfrage statistisch exakt auszuwerten, ist nicht einfach. In der Besonderen Lernleistung und der Jugend-forscht Arbeit bin ich dabei unterschiedlich vorgegangen. W\u00e4hrend ich in der BeLL Wert auf Einfachheit und Verst\u00e4ndlichkeit gelegt habe, war es mir in der Jugend-forscht Arbeit wichtig, m\u00f6glichst sauber und exakt vorzugehen, sodass meine Ergebnisse wissenschaftlichen Anspr\u00fcchen gen\u00fcgen.<\/p>\n\n\n\n<div class=\"wp-block-buttons is-layout-flex wp-block-buttons-is-layout-flex\">\n<div class=\"wp-block-button\"><a class=\"wp-block-button__link has-text-color has-background has-vivid-green-cyan-background-color\" href=\"https:\/\/ludwig.in-chemnitz.de\/chrono\/auswertung\/\" style=\"color:#ffffff\">Zur Auswertung<\/a><\/div>\n<\/div>\n\n\n\n<h2 class=\"wp-block-heading\">Ergebnisse<\/h2>\n\n\n\n<p>Auf dieser Seite m\u00f6chte ich noch einmal alle Ergebnisse zusammenfassen, deren Bedeutung hervorheben und Verbesserungsvorschl\u00e4ge unterbreiten.<\/p>\n\n\n\n<div class=\"wp-block-buttons is-layout-flex wp-block-buttons-is-layout-flex\">\n<div class=\"wp-block-button\"><a class=\"wp-block-button__link has-text-color has-background has-vivid-green-cyan-background-color\" href=\"https:\/\/ludwig.in-chemnitz.de\/chrono\/ergebnisse\/\" style=\"color:#ffffff\">Zu den Ergebnissen<\/a><\/div>\n<\/div>\n","protected":false},"excerpt":{"rendered":"<p>Meine Arbeit gliedert sich in 4 wesentliche Abschnitte: Wissenschaftlicher Hintergrund Hier sind einige der grundlegenden Erkenntnisse der Chronobiologie aufgef\u00fchrt. Angefangen von den ersten chonobiologischen Untersuchungen bis hin zum Nobelpreis f\u00fcr Physiologie und Medizin 2017 werden hier die wichtigsten Vorkenntnisse f\u00fcr mein Projekt zusammengefasst. Dabei wird auch deutlich, welche Bedeutung meine Ergebnisse haben und warum es&#8230;<\/p>\n","protected":false},"author":1,"featured_media":0,"parent":0,"menu_order":0,"comment_status":"closed","ping_status":"closed","template":"","meta":{"footnotes":""},"_links":{"self":[{"href":"https:\/\/ludwig.in-chemnitz.de\/chrono\/wp-json\/wp\/v2\/pages\/240"}],"collection":[{"href":"https:\/\/ludwig.in-chemnitz.de\/chrono\/wp-json\/wp\/v2\/pages"}],"about":[{"href":"https:\/\/ludwig.in-chemnitz.de\/chrono\/wp-json\/wp\/v2\/types\/page"}],"author":[{"embeddable":true,"href":"https:\/\/ludwig.in-chemnitz.de\/chrono\/wp-json\/wp\/v2\/users\/1"}],"replies":[{"embeddable":true,"href":"https:\/\/ludwig.in-chemnitz.de\/chrono\/wp-json\/wp\/v2\/comments?post=240"}],"version-history":[{"count":10,"href":"https:\/\/ludwig.in-chemnitz.de\/chrono\/wp-json\/wp\/v2\/pages\/240\/revisions"}],"predecessor-version":[{"id":293,"href":"https:\/\/ludwig.in-chemnitz.de\/chrono\/wp-json\/wp\/v2\/pages\/240\/revisions\/293"}],"wp:attachment":[{"href":"https:\/\/ludwig.in-chemnitz.de\/chrono\/wp-json\/wp\/v2\/media?parent=240"}],"curies":[{"name":"wp","href":"https:\/\/api.w.org\/{rel}","templated":true}]}}